*3 - 35*q**2 + 49*q + 250. What is w(-36)?
-218
Let x(h) = 7*h**2 + 60*h - 142. Determine x(2).
6
Let x(d) = 5*d**3 + 23*d**2 + 14*d + 72. Calculate x(-5).
-48
Let o(u) = -31*u**3 + 6*u**2 - 2*u - 2. Give o(2).
-230
Let v(t) = -t**3 - 42*t**2 + 94*t - 160. Calculate v(-44).
-424
Let t(r) = 113*r**2 + 91*r - 27. Give t(-1).
-5
Let o(a) = 3*a**3 + 45*a**2 - 13*a - 193. Determine o(-15).
2
Let h(u) = -4*u**3 - u**2 - 17*u + 2. Give h(0).
2
Let b(c) = 3308*c - 19860. What is b(6)?
-12
Let o(n) = n**3 + 28*n**2 + 27*n + 763. Give o(-28).
7
Let v(z) = z**3 - 3*z**2 - 6*z + 32. What is v(-5)?
-138
Let w(f) = f**3 - 57*f**2 + 69*f - 722. Give w(56).
6
Let x(u) = 39*u + 51. Calculate x(-12).
-417
Let v(a) = a**3 + 3*a**2 + 15*a + 20. What is v(0)?
20
Let q(d) = 19*d**2 - 115*d + 180. Determine q(4).
24
Let k(q) = -35*q**2 + 2*q + 5. Calculate k(2).
-131
Let h(u) = 12*u + 323. What is h(-22)?
59
Let b(p) = -4*p**3 + 112*p**2 + 7*p - 107. Give b(28).
89
Let o(f) = -217*f - 28. What is o(-4)?
840
Let y(z) = 2*z**3 + 211*z**2 + 1278*z - 893. Give y(-99).
-2
Let z(x) = 2*x**3 - 5*x**2 - 104*x + 27. Give z(-6).
39
Let y(z) = 3212*z + 61023. What is y(-19)?
-5
Let j(i) = -i**2 + 22*i + 12. What is j(19)?
69
Let b(z) = z**2 + 626*z + 3715. Calculate b(-6).
-5
Let x(i) = -43*i + 179. Give x(3).
50
Let c(w) = -485*w**2 + 3882*w - 19. What is c(8)?
-3
Let v(l) = -13*l**2 + 126*l + 373. Calculate v(-3).
-122
Let r(g) = -2*g**2 + 117*g - 493. What is r(54)?
-7
Let k(f) = -2*f**3 + 92*f**2 + f + 99. What is k(46)?
145
Let f(z) = 23*z**2 - 100*z - 437. Give f(7).
-10
Let v(o) = -o**2 - 135*o - 4089. What is v(-46)?
5
Let t(q) = -q**2 + 13*q + 41. Give t(11).
63
Let l(v) = v**3 - 2*v**2 - 46*v - 19. What is l(-6)?
-31
Let z(h) = -h**2 + 386*h + 769. Calculate z(-2).
-7
Let d(l) = 1792*l**2 + 21503*l - 8. What is d(-12)?
4
Let i(g) = 132*g + 256. Give i(-3).
-140
Let d(m) = 2*m**3 - 4*m**2 + 10*m - 51. Determine d(3).
-3
Let r(b) = -b**3 - 8*b**2 - 5*b - 6. Determine r(-9).
120
Let v(d) = d + 14. Calculate v(-16).
-2
Let h(q) = 80756*q - 4. Determine h(0).
-4
Let v(t) = 2*t**2 - 349*t + 8904. Give v(31).
7
Let c(t) = 116*t - 818. What is c(7)?
-6
Let i(o) = o**3 - 9*o**2 - 39*o - 25. Calculate i(9).
-376
Let a(l) = -3*l**2 - 2*l + 12. Determine a(-5).
-53
Let v(m) = -18*m - 317. What is v(0)?
-317
Let h(v) = -v**3 - 4*v**2 + 10*v + 7. Determine h(4).
-81
Let m(p) = 2*p**2 - 136*p + 430. Determine m(66).
166
Let n(t) = -12*t**3 + 12*t**2 + 4*t + 1. Calculate n(3).
-203
Let v(p) = -31*p + 245. Calculate v(8).
-3
Let p(s) = -402*s + 397. Calculate p(1).
-5
Let m(x) = -3*x**3 + 7*x**2 + 35*x + 190. Calculate m(-7).
1317
Let y(h) = -14*h**2 - 10*h + 438. Calculate y(-6).
-6
Let i(s) = -2*s**2 + 159*s + 755. Calculate i(84).
-1
Let c(l) = l**2 - 14498*l + 86942. What is c(6)?
-10
Let l(f) = -3327*f + 46575. What is l(14)?
-3
Let y(w) = -w**3 + 76*w**2 + 2. Calculate y(76).
2
Let w(u) = u**2 - 18*u - 321. Determine w(27).
-78
Let x(b) = -1896*b + 11419. Give x(6).
43
Let q(g) = -541*g + 10. What is q(0)?
10
Let t(a) = 2*a**3 - 25*a**2 + 34*a - 597. What is t(13)?
14
Let y(h) = -85*h**2 - 3*h + 3. Determine y(1).
-85
Let n(q) = 36*q + 679. Calculate n(-23).
-149
Let h(q) = q**2 - 13*q + 36. Give h(10).
6
Let m(j) = j**3 - 39*j**2 + 22*j + 607. Calculate m(38).
-1
Let f(z) = z**3 + z**2 - 11*z + 7. What is f(2)?
-3
Let c(h) = 368*h - 3681. Calculate c(10).
-1
Let d(x) = 13*x - 433. Calculate d(34).
9
Let l(y) = 6159*y + 160146. What is l(-26)?
12
Let l(t) = t**2 - 17*t + 15. What is l(22)?
125
Let l(s) = 2*s**3 + 11*s**2 + 76*s + 486. Calculate l(-6).
-6
Let t(v) = -25*v + 856. Give t(48).
-344
Let a(s) = 2*s**2 + 138*s + 2276. Give a(-27).
8
Let r(c) = -3*c**2 + 102*c - 777. What is r(20)?
63
Let p(s) = -148*s - 385. Determine p(-3).
59
Let d(l) = 5*l**3 - 176*l**2 + 36*l - 9. What is d(35)?
26
Let r(o) = o**3 - 22*o**2 - 16*o + 356. Give r(22).
4
Let n(m) = -m**2 + 26*m - 64. What is n(6)?
56
Let u(n) = -3*n**3 - 7*n**2 - 3*n + 1. Calculate u(-2).
3
Let j(r) = r**2 - 5*r + 10. What is j(2)?
4
Let m(c) = 21*c**3 - 2*c**2 + 6*c + 7. Determine m(-1).
-22
Let b(n) = 66*n + 287. Determine b(-4).
23
Let w(f) = 40156*f + 240936. Determine w(-6).
0
Let x(w) = 16*w - 80. Give x(15).
160
Let o(b) = 3*b**3 - 20*b**2 - 7*b - 2. Calculate o(7).
-2
Let k(c) = -10*c**3 - 110*c**2 - 279*c + 19. Give k(-7).
12
Let q(k) = -3*k**2 - 140*k + 509. Give q(-50).
9
Let i(u) = 7*u**2 - 24*u - 36. Determine i(-9).
747
Let s(y) = -25*y + 30. What is s(-8)?
230
Let o(l) = -2*l**2 - 246*l + 5400. Calculate o(-142).
4
Let g(w) = w**2 + 2*w - 62. Determine g(5).
-27
Let c(o) = -4*o**2 + 198*o - 93. Determine c(49).
5
Let x(g) = -6*g**2 + 130*g + 192. What is x(23)?
8
Let q(y) = 4*y**2 + 13*y - 67. Calculate q(-8).
85
Let x(n) = n**2 + 67*n + 1131. Calculate x(-32).
11
Let a(m) = -2*m**2 + 3*m + 225. Give a(10).
55
Let b(z) = z + 56. What is b(14)?
70
Let m(j) = -j**2 + 226*j - 7229. What is m(39)?
64
Let q(d) = d**3 - 68*d**2 + 898*d + 99. Calculate q(50).
-1
Let h(v) = -4*v**2 + 12*v - 4. Calculate h(7).
-116
Let r(c) = -c + 71. What is r(26)?
45
Let p(n) = n**3 + 18*n**2 - 34*n + 76. What is p(-20)?
-44
Let b(d) = d**2 + 7*d - 79. Determine b(-13).
-1
Let u(m) = 2*m**3 + 2*m**2 + 25*m - 87. Determine u(3).
60
Let l(s) = 85*s - 22. Determine l(0).
-22
Let v(l) = 67*l**2 + 16*l + 37. Determine v(-2).
273
Let l(p) = p**2 + 7*p - 143. What is l(9)?
1
Let h(x) = -x**2 + 78*x - 232. Give h(75).
-7
Let h(k) = -5*k**2 - 40*k + 58. Give h(-11).
-107
Let v(q) = -23*q**3 - 3*q**2 + 2*q. What is v(1)?
-24
Let i(w) = 14*w**3 + 3*w**2 + 23*w + 33. Calculate i(-2).
-113
Let g(w) = -2*w**2 + 409*w - 15020. Determine g(48).
4
Let y(u) = -76*u - 1210. Give y(-15).
-70
Let b(o) = -o**2 + 31*o + 108. Determine b(-3).
6
Let h(p) = 2*p**3 - 116*p**2 + 135*p - 1202. What is h(57)?
-5
Let j(l) = l**3 - 37*l**2 + 118*l - 37. Give j(3).
11
Let l(r) = 3*r**2 + 111*r - 213. What is l(2)?
21
Let j(o) = o**3 - 3*o**2 - 18*o + 51. Determine j(4).
-5
Let o(l) = -4862*l - 442448. Determine o(-91).
-6
Let h(o) = -o**3 + 10*o**2 + 599*o - 3738. What is h(6)?
0
Let q(r) = 3*r**3 - r**2 - 3*r + 4. Calculate q(-3).
-77
Let y(n) = -67*n + 2869. Give y(44).
-79
Let v(j) = 703*j - 12644. What is v(18)?
10
Let t(q) = -q**2 - 22*q + 216. Give t(-35).
-239
Let s(w) = -w**3 + 111*w**2 - 236*w + 2047. Calculate s(109).
85
Let o(j) = -3*j**2 - 36*j + 258. Determine o(-16).
66
Let z(w) = w**3 - 9*w**2 + 15*w + 13. Determine z(6).
-5
Let g(o) = 27*o**3 - 109*o**2 + 2*o + 10. What is g(4)?
2
Let g(w) = w**3 + 17*w**2 + 34*w + 32. Give g(-15).
-28
Let c(m) = m**3 - 8*m**2 + 9*m + 51. What is c(4)?
23
Let k(q) = 3820*q + 7748. Calculate k(-2).
108
Let n(w) = -898*w - 11677. What is n(-13)?
-3
Let t(z) = -4*z**3 - 121*z**2 - 26*z + 56. Calculate t(-30).
-64
Let v(y) = 61*y + 1620. Determine v(-27).
-27
Let f(g) = 2*g**3 - 3*g**2 - 8*g - 14. Determine f(-2).
-26
Let s(c) = 3*c**2 - 4*c + 13. Determine s(-6).
145
Let w(v) = 172*v + 1544. Calculate w(-9).
-4
Let x(r) = -2020*r + 92918. Give x(46).
-2
Let j(c) = -c**3 + 24*c**2 - 13*c + 322. Determine j(24).
10
Let t(d) = 15*d**2 - 298*d + 252. What is t(19)?
5
Let b(w) = w**3 - 45*w**2 + 86*w - 108. Determine b(43).
-108
Let m(i) = -i**2 + 3217*i + 19385. Give m(-6).
47
Let v(n) = 106*n - 14144. Determine v(133).
-46
Let v(g) = 2*g**2 - 67*g + 449. What is v(8)?
41
Let f(s) = -16*s**2 - 126*s - 101. What is f(-7)?
-3
Let z(u) = -12*u**2 - 5*u - 4. Calculate z(-3).
-97
Let g(y) = -3*y**2 - 42*y + 11. Give g(0).
11
Let r(y) = y**2 + 4*y - 93. Give r(-10).
-33
Let d(h) = -728*h**2 + 8006*h + 21. Determine d(11).
-1
Let y(m) = 249*m - 1729. What is y(7)?
14
Let g(r) = r**3 + 13*r**2 + 94*r + 217. Calculate g(-5).
-53
Let q(z) = -14*z - 309. Calculate q(-21).
-15
Let r(t) = -67*t + 1313. Determine r(20).
-27
Let v(w) = 87*w + 1259. What is v(-14)?
41
Let i(h) = h**3 + 11*h**2 + 8*h + 501. Give i(-12).
261
Let y(g) = 3*g**2 + 22*g - 7. Give y(-7).
-14
Let b(p) = -36*p - 1658. Determine b(-46).
-2
Let w(y) = 755*y - 26336. What is w(35)?
89
Let i(x) = 462*x - 3149. What is i(7)?
85
Let b(l) = 12*l - 469. What is b(35)?
-49
Let w(x) = x**3 + 29*x**2 + 25*x + 1674. What is w(-30)?
24
Let a(t) = -t**2 - 162*t - 45